 units digit of c(1)?
0
Suppose 31070 = 45*i - 35*i. What is the thousands digit of i?
3
What is the thousands digit of 28215/10 - (-4 + 44/8)?
2
Let w(i) = i**3 + 17*i**2 - 18*i + 3. Let v be w(-18). Suppose 0 = 5*f - c + v*c - 708, 0 = -4*f - 2*c + 566. What is the units digit of f?
2
Let f = 289 - -453. What is the units digit of f?
2
Let z(w) be the second derivative of w**4/3 + 5*w**3/6 + 5*w**2 - 5*w. What is the units digit of z(-6)?
4
What is the hundreds digit of -1 - -5 - 0 - (-1810 - 3)?
8
Let s = -131 + 145. Suppose 0 = -15*f + s*f + 85. What is the units digit of f?
5
Let q be (3 + 220)*(-3 + 4). Suppose 6*i = i - 3*f + q, -3*f - 217 = -5*i. What is the tens digit of i + (-8)/(6/3)?
4
Suppose 0 = -3*y - 9 - 15. What is the units digit of -2*-2*(-142)/y?
1
Suppose 13*c + 25*c - 7486 = 0. What is the tens digit of c?
9
Suppose -52*v - 1028 = -56*v. Suppose -3*g = -4*b + 591, -2*b + v = -g - 36. What is the tens digit of b?
4
Let l = 42 - 34. Suppose -1113 = -l*o + o. What is the hundreds digit of o?
1
Suppose 0 = -14*b + 40*b - 46410. What is the tens digit of b?
8
Let x(c) = -c**2 - 13*c + 17. Let q be x(-14). Let n(p) = -3 + 0*p**3 - 2 + 3*p**2 - p**q + 4*p**2. What is the units digit of n(6)?
1
Let r(s) = -s**3 - 4*s**2 + 5*s + 10. Let o be r(-4). Let z be (-27)/45 - (-194)/o. Let l(d) = d**2 + 19*d + 30. What is the tens digit of l(z)?
5
Let h(a) = -a**2 - 8*a + 13. Let q be h(-9). Suppose -4*i + 271 = -q*p - p, 3 = -p. What is the tens digit of i?
6
Suppose -v = -5*h + 44, v + 16 + 12 = 3*h. Let l be (-4)/h*(-1 - -1). Suppose 0*o = -o - 3*j - 4, l = -5*o + 5*j + 80. What is the units digit of o?
1
Let z be -41*(1 + -3) - -2. Let w(u) = 2*u - 5. Let b be w(7). What is the units digit of z/b - 2/6?
9
Let f be ((-1)/(-3))/(-1)*-6. Let g = -65 - -185. Suppose -3*x - g = -4*c, f*x = -c - 2*x + 11. What is the tens digit of c?
2
Suppose -595 = -4*w + 1201. What is the hundreds digit of w?
4
Let b(c) = -58*c - 106. What is the units digit of b(-13)?
8
Let f = 339 + 933. What is the thousands digit of f?
1
Suppose -151*n - 2141 = -152*n - 5*s, -3*s = -n + 2181. What is the units digit of n?
6
What is the thousands digit of (-374450)/(-210) - (-4)/(-42)?
1
Suppose 63 = s - 159. What is the tens digit of s?
2
Let u = 4674 + -2800. What is the units digit of u?
4
Let g(d) = 26*d**2 - d. Let x be 10/15 - (-10)/(-6). Let f be (x/4)/((-2)/8). What is the tens digit of g(f)?
2
Let w = 7 - -110. Suppose 7*j + w = 495. Suppose 2*q + 106 = 2*p, -p + 2*q = -0*p - j. What is the tens digit of p?
5
Suppose -4*x = -5*h + 6015, -3*x - 214 = 3*h - 3823. What is the thousands digit of h?
1
Let c(d) = -4*d + 28. Let l be c(5). What is the hundreds digit of (452/l)/1*8/4?
1
Suppose -168*c + 10 = -166*c. Suppose -d - c*d = -300. What is the tens digit of d?
5
Let h be 3/9 + (-20)/(-6)*11. Suppose -6*u = s - u - h, 4*u + 196 = 4*s. What is the units digit of s?
7
Let l(c) = c**2 + 8*c - 1. Let t be l(-4). Let b = t - -34. What is the tens digit of b?
1
Let j be 12/(-18) - 163/3. Let n = 83 + j. Suppose l = -l + n. What is the tens digit of l?
1
Let z = 369 - 89. Suppose -21*g - z = -26*g. What is the tens digit of g?
5
Let a = -133 + 189. Let s = a + 4. What is the units digit of s?
0
Let q = 14 - 21. Let g = q + 15. Let v = g - -17. What is the tens digit of v?
2
Let g(r) be the third derivative of 3*r**5/10 - 5*r**4/24 - 7*r**3/2 + 30*r**2. What is the units digit of g(-3)?
6
Suppose 3*d + 3*q = 54, -4*q - 51 = -4*d + 5. Let u = d + -17. What is the tens digit of (4/(-8) - u)*62?
3
Let p = 54 + -43. Suppose -10*x = -p*x + 40. What is the tens digit of x?
4
Let q(y) = 9*y**3 - 2*y**3 - 6*y**3 - 7 + 8*y**2 + 5*y. Let n be q(-6). Let k = 57 - n. What is the units digit of k?
2
Let z(t) = -t**2 + 14*t - 15. Let x be z(11). What is the tens digit of 1578/x + 16/12?
8
Suppose -4*o + 455 + 53 = 0. Let u = o + -72. What is the units digit of u?
5
Let u = 5 + -26. What is the hundreds digit of (404/6)/((-14)/u)?
1
Let c(o) = 2*o**2 + 5*o + 6. Let h be c(-2). Suppose 392 = 2*v + h*p, 3*v - 583 = -0*v - p. What is the units digit of v?
4
Let l = 13 + -13. Suppose -2*x + 4*x - 2*m - 8 = l, 5*m = -3*x - 28. What is the units digit of 2*(x - (-14)/4)?
5
Suppose 18*h = -747 + 3951. What is the tens digit of h?
7
Let p = 32 + -32. Suppose 0 = -p*w + 4*w. What is the units digit of (w - -37)*(-8)/(-8)?
7
Suppose -37*p = -60260 - 100838. What is the units digit of p?
4
Let y(f) = -f**2 - 16*f + 8. Let b be y(-8). Let o be 3/2*20/6. Suppose k + b = o*k. What is the tens digit of k?
1
Let o = -1964 - -3023. What is the hundreds digit of o?
0
Suppose -1809 = -4*v - 5*v. Let a = v + -134. What is the units digit of a?
7
Suppose 20*v = 16*v + 2640. What is the hundreds digit of v?
6
Let w(n) = -n**3 - n**2 + 2. Let i be w(0). Suppose 254 = i*t + 2*y, 2*t - y + 5*y = 260. What is the tens digit of t?
2
Suppose -1 = 6*j - 13. Suppose -d + 4*h + 12 = 3*h, -j*d = -3*h - 23. What is the units digit of d?
3
Let x(k) = 70*k. Let i(n) = n**3 + 8*n**2 - 34*n - 9. Let r be i(-11). What is the tens digit of x(r)?
4
Suppose -235*p - 37536 = -252*p. What is the hundreds digit of p?
2
Suppose 28*l - 895 = 449. What is the units digit of l?
8
Let n(v) = -3*v. Let f be n(-7). What is the hundreds digit of 2172/f + 21/(-49)?
1
Let q = -336 - -237. Let z = q + 186. What is the units digit of z?
7
Suppose 0 = -39*q - 0*q + 36114. What is the hundreds digit of q?
9
Suppose -r = -3 - 3. Let g = 8 - r. Suppose 0 = -g*o + o + 32. What is the tens digit of o?
3
Suppose 21*i - 6 = 19*i. What is the units digit of -114*(-1)/(2 + (4 - i))?
8
Let i(n) = -8*n**3 - 4*n**2 - 3*n - 2. Let k be (8/6)/((-6)/9). Let c be i(k). Let x = c + 3. What is the units digit of x?
5
Let q(a) = -51*a - 1. Suppose i + 6 - 5 = 0. What is the units digit of q(i)?
0
Suppose 47*o = -3*m + 44*o + 1956, 5*m + 3*o = 3270. What is the units digit of m?
7
Suppose -4*j = -2*c + 10, -2*c = 2*c - 4*j. Let o(g) be the first derivative of -3*g**2/2 - 7*g - 83. What is the units digit of o(c)?
8
Suppose 115 = -5*j + 5*o, j + 0*o = -o - 17. What is the units digit of 2/(-1*8/j)?
5
Suppose -9*r + 10*r - 8 = 0. What is the units digit of ((-594)/(-11))/(6/r)?
2
What is the hundreds digit of (-8)/(-12) - 44561/(-33)?
3
Let p(n) = -n**3 + 3*n**2 - 2*n. Let s be p(2). Suppose -3*b + 81 + 114 = s. Suppose 0 = -r + 6*r - b. What is the tens digit of r?
1
Suppose -4*w = -2 - 18. Suppose h = 1, b + 2*b + w*h = 11. Let q(t) = 8*t**2 + t + 2. What is the units digit of q(b)?
6
Let t(m) = 175*m**3 + 2*m**2 - 61*m + 59. What is the tens digit of t(1)?
7
Let t be ((-56)/20)/((-1)/5). Let q = 11 - t. What is the units digit of q*5/(-6)*14?
5
Suppose 12*y = 34*y - 19492. What is the units digit of y?
6
Suppose 3*a + 5*k - 37 = 0, -2*k - 2 - 8 = -5*a. Let w be (22/1)/(a - 2). Suppose w = -5*x + 86. What is the tens digit of x?
1
Let v(t) = -t**2. Let s(g) = 8*g**2 - 13*g. Let n = 6 + 0. Let k(u) = n*v(u) + s(u). What is the tens digit of k(10)?
7
What is the tens digit of -4*218*420/(-96)?
1
Suppose -u - 14 = -5*m, -2 = -2*u + 2*m + 2. Suppose -108 + 858 = u*b. What is the units digit of b?
5
Let w = 57 - 34. Let o = w - 19. Suppose 0 = -4*f - x + 95 + 64, -2*f = o*x - 62. What is the tens digit of f?
4
Let y(w) = 3*w**2 + 6*w - 125. What is the tens digit of y(-20)?
5
Let c = 158 - 25. Suppose 0 = y + f - 44 - 1, c = 3*y + f. What is the tens digit of y?
4
Let u = -2 + -10. Let y = u + 0. What is the units digit of ((-184)/(-24))/((-2)/y)?
6
Suppose 12 = 4*f - 4*j, -13 = -5*j - 3. Suppose 5*q = 3*s - 396, q - 5*q = f*s - 697. What is the units digit of s?
7
Suppose -3*d - 3*a = 15, -a - 1 = -d + a. What is the tens digit of (18/d)/1*(-36)/2?
0
Suppose -8*z + 4*z + 16 = 0. Suppose -51 = -z*d - 3*f, 5*d - 3*d = 2*f + 8. What is the units digit of 2*d/(-12)*-8?
2
What is the hundreds digit of 27/9 - (-3 + 4)*-439?
4
Let p be (147/6 - 0)*(-8)/(-4). Let k = -88 - -123. Let t = p - k. What is the units digit of t?
4
Suppose -5*a - t = -2*t - 445, 0 = -2*a + 5*t + 155. Suppose -a - 7 = -b. What is the tens digit of b?
9
Suppose -1288 = -4*c + 80. Suppose -75*f + 73*f = -c. What is the units digit of f?
1
Let g = -10 - -16. Suppose g = -2*u + 4. Let f = u -